{"id":8,"date":"2026-02-21T09:00:35","date_gmt":"2026-02-21T09:00:35","guid":{"rendered":"https:\/\/pollytag.com.pl\/?page_id=8"},"modified":"2026-02-26T12:55:10","modified_gmt":"2026-02-26T12:55:10","slug":"informacje-o-spolce","status":"publish","type":"page","link":"https:\/\/pollytag.com.pl\/","title":{"rendered":"Informacje o sp\u00f3\u0142ce"},"content":{"rendered":"\n<p>INFORMACJE O SP\u00d3\u0141CE POLLYTAG SA<\/p>\n\n\n\n<p><strong>DANE SP\u00d3\u0141KI<\/strong><\/p>\n\n\n\n<p>Sp\u00f3\u0142ka Pollytag SA zosta\u0142a wpisana do Krajowego Rejestru S\u0105dowego&nbsp; 5 listopada 2002 roku pod numerem KRS 0000138061, prowadzonym przez S\u0105d Rejonowy Gda\u0144sk \u2013 P\u00f3\u0142noc w Gda\u0144sku, VII Wydzia\u0142 Gospodarczy Krajowego rejestru S\u0105dowego.<\/p>\n\n\n\n<p>Ma nadane numery identyfikacyjne :<\/p>\n\n\n\n<p>&nbsp;&#8211; REGON \u2013 190300230<\/p>\n\n\n\n<p>&nbsp;&#8211; NIP \u2013 5830005845<\/p>\n\n\n\n<p>Adres siedziby :<\/p>\n\n\n\n<p>Ul. Wielopole 6a, 80-556 Gda\u0144sk<\/p>\n\n\n\n<p><strong>KAPITA\u0141 AKCYJNY ORAZ SK\u0141AD AKCJONARIUSZY<\/strong><\/p>\n\n\n\n<p>Kapita\u0142 zak\u0142adowy wynosi 12.331.100 z\u0142otych dzielony na 123.311 akcji imiennych o warto\u015bci nominalnej 100z\u0142 ka\u017cda akcja.<\/p>\n\n\n\n<p>Akcjonariuszami Sp\u00f3\u0142ki s\u0105:<\/p>\n\n\n\n<ul class=\"wp-block-list\">\n<li><strong>PGE Energia Ciep\u0142a S.A.<\/strong> z siedzib\u0105 w Warszawie &#8211; posiadaj\u0105ca 60.797 akcji \u201eimiennych\u201d, co stanowi <strong>49,30%<\/strong> kapita\u0142u akcyjnego<\/li>\n\n\n\n<li><strong>Laris Investments sp. z o.o<\/strong>. z siedzib\u0105 w Warszawie &#8211; posiadaj\u0105ca 57.761 akcje \u201eimienne\u201d, co stanowi <strong>46,52%<\/strong> kapita\u0142u akcyjnego<\/li>\n\n\n\n<li><strong>Wojew\u00f3dzki Fundusz Ochrony \u015arodowiska i Gospodarki Wodnej w Gda\u0144sku &#8211;<\/strong> posiadaj\u0105cy 4.990 akcji \u201eimiennych\u201d, co stanowi <strong>4,05%<\/strong> kapita\u0142u akcyjnego<\/li>\n\n\n\n<li><strong>Poltegor \u2013 Projekt sp. z o.o. w likwidacji&nbsp; <\/strong>z siedzib\u0105 we Wroc\u0142awiu \u2013 posiadaj\u0105ca 163 akcje \u201eimienne\u201d, co stanowi <strong>0,13%<\/strong> kapita\u0142u akcyjnego<\/li>\n<\/ul>\n\n\n\n<ul class=\"wp-block-list\">\n<li><strong>OG\u00d3\u0141EM: 123.311 akcji, co stanowi 100%.<\/strong><\/li>\n<\/ul>\n\n\n\n<ul class=\"wp-block-list\">\n<li><strong>SK\u0141AD &nbsp;ZARZ\u0104DU ORAZ RADY NADZORCZEJ SP\u00d3\u0141KI.<\/strong><\/li>\n<\/ul>\n\n\n\n<p><strong>ZARZ\u0104D JEST DWUOSOBOWY W SK\u0141ADZIE :<\/strong><\/p>\n\n\n\n<ol class=\"wp-block-list\">\n<li>Aneta Lato-\u017buchowska&nbsp; &#8211; Prezes Zarz\u0105du<\/li>\n\n\n\n<li>El\u017cbieta Kowalewska \u2013 Cz\u0142onek Zarz\u0105du<\/li>\n<\/ol>\n\n\n\n<p><strong>RADA NADZORCZA FUNKCJONUJE W SK\u0141\u0104DZIE CZTEROOSBOWYM :<\/strong><\/p>\n\n\n\n<ol class=\"wp-block-list\">\n<li>Szymon Ptok \u2013 Przewodnicz\u0105cy Rady,<\/li>\n\n\n\n<li>Wies\u0142aw Walendziak \u2013 Wiceprzewodnicz\u0105cy Rady<\/li>\n\n\n\n<li>Szczepan Wi\u015bniewolski \u2013Sekretarz Rady<\/li>\n\n\n\n<li>Tomasz Gillner \u2013 Gorywoda \u2013 Cz\u0142onek Rady<\/li>\n<\/ol>\n","protected":false},"excerpt":{"rendered":"<p>INFORMACJE O SP\u00d3\u0141CE POLLYTAG SA DANE SP\u00d3\u0141KI Sp\u00f3\u0142ka Pollytag SA zosta\u0142a wpisana do Krajowego Rejestru S\u0105dowego&nbsp; 5 listopada 2002 roku pod numerem KRS 0000138061, prowadzonym przez S\u0105d Rejonowy Gda\u0144sk \u2013 P\u00f3\u0142noc w Gda\u0144sku, VII Wydzia\u0142 Gospodarczy Krajowego rejestru S\u0105dowego. Ma nadane numery identyfikacyjne : &nbsp;&#8211; REGON \u2013 190300230 &nbsp;&#8211; NIP \u2013 5830005845 Adres siedziby :<span class=\"post-excerpt-end\">&hellip;<\/span><\/p>\n<p class=\"more-link\"><a href=\"https:\/\/pollytag.com.pl\/\" class=\"themebutton\">Read More<\/a><\/p>\n","protected":false},"author":1,"featured_media":0,"parent":0,"menu_order":0,"comment_status":"closed","ping_status":"closed","template":"","meta":{"footnotes":""},"class_list":["post-8","page","type-page","status-publish","hentry"],"_links":{"self":[{"href":"https:\/\/pollytag.com.pl\/index.php\/wp-json\/wp\/v2\/pages\/8","targetHints":{"allow":["GET"]}}],"collection":[{"href":"https:\/\/pollytag.com.pl\/index.php\/wp-json\/wp\/v2\/pages"}],"about":[{"href":"https:\/\/pollytag.com.pl\/index.php\/wp-json\/wp\/v2\/types\/page"}],"author":[{"embeddable":true,"href":"https:\/\/pollytag.com.pl\/index.php\/wp-json\/wp\/v2\/users\/1"}],"replies":[{"embeddable":true,"href":"https:\/\/pollytag.com.pl\/index.php\/wp-json\/wp\/v2\/comments?post=8"}],"version-history":[{"count":2,"href":"https:\/\/pollytag.com.pl\/index.php\/wp-json\/wp\/v2\/pages\/8\/revisions"}],"predecessor-version":[{"id":53,"href":"https:\/\/pollytag.com.pl\/index.php\/wp-json\/wp\/v2\/pages\/8\/revisions\/53"}],"wp:attachment":[{"href":"https:\/\/pollytag.com.pl\/index.php\/wp-json\/wp\/v2\/media?parent=8"}],"curies":[{"name":"wp","href":"https:\/\/api.w.org\/{rel}","templated":true}]}}